{"id":909,"date":"2025-01-17T10:49:18","date_gmt":"2025-01-17T10:49:18","guid":{"rendered":"https:\/\/www.amritschliesing.de\/?page_id=909"},"modified":"2025-01-17T10:49:18","modified_gmt":"2025-01-17T10:49:18","slug":"faq","status":"publish","type":"page","link":"https:\/\/www.amritschliesing.de\/?page_id=909","title":{"rendered":"FAQ"},"content":{"rendered":"\n<div class=\"wp-block-group alignfull has-base-background-color has-background has-global-padding is-layout-constrained wp-container-core-group-is-layout-1 wp-block-group-is-layout-constrained\" style=\"margin-top:0;margin-bottom:0;padding-top:var(--wp--preset--spacing--50);padding-right:var(--wp--preset--spacing--50);padding-bottom:var(--wp--preset--spacing--50);padding-left:var(--wp--preset--spacing--50)\">\n<div class=\"wp-block-columns alignwide is-layout-flex wp-container-core-columns-is-layout-2 wp-block-columns-is-layout-flex\">\n<div class=\"wp-block-column has-global-padding is-content-justification-left is-layout-constrained wp-container-core-column-is-layout-1 wp-block-column-is-layout-constrained\" style=\"flex-basis:40%\">\n<p class=\"has-body-font-family has-large-font-size\">FAQ<\/p>\n<\/div>\n\n\n\n<div class=\"wp-block-column is-layout-flow wp-container-core-column-is-layout-3 wp-block-column-is-layout-flow\" style=\"flex-basis:60%\">\n<div class=\"wp-block-columns is-layout-flex wp-container-core-columns-is-layout-1 wp-block-columns-is-layout-flex\">\n<div class=\"wp-block-column is-layout-flow wp-block-column-is-layout-flow\">\n<p class=\"has-body-font-family\"><strong>Was bedeutet Grundretusche?<\/strong><\/p>\n\n\n\n<p>Alle gelungenen Bilder werden von mir in nat\u00fcrlichem Bildlook bearbeitet.&nbsp;<\/p>\n\n\n\n<p>Ich optmiere, Licht, Farben und Kontrast und mache eine leichte Hautretusche.&nbsp;<\/p>\n\n\n\n<p>Das hei\u00dft, um den st\u00f6renden Pickel musst du dir keine Gedanken machen.&nbsp;<\/p>\n\n\n\n<p>10 Jahre j\u00fcnger glatt b\u00fcgeln werde ich dich nicht, das entspricht nicht meiner Philosophie von authentischen Portraits.<\/p>\n\n\n\n<p>Du bekommst die Bilder fertig in meinem Bildkook bearbeitet, eine weitere Bildbearbeitung ist nicht gestattet. Solltest du doch noch andere Bearbeitungsw\u00fcnsche haben, komme gerne auf mich zu.<\/p>\n\n\n\n<p><\/p>\n\n\n\n<p><strong>Was bedeutet einfache kommerzielle Nutzungsrechte?<\/strong><\/p>\n\n\n\n<p>Das bedeutet, du darfst die Bilder zeitlich unbegrenzt Privat und im Rahmen deines Business (zum Beispiel auf Social Media Plattformen, Webseite, Print Produkten etc.) uneingeschr\u00e4nkt nutzen.<\/p>\n\n\n\n<p>Ich freue mich wenn du meine Webseite oder meinen Instagram-Kanal verlinkst.<\/p>\n\n\n\n<p>Eine Weitergabe an Dritte zu kommerziellen Ver\u00f6ffentlichungszwecken bedarf meiner Zustimmung.<\/p>\n\n\n\n<p>Der Weiterverkauf der Bilder ist ausgeschlossen.<\/p>\n\n\n\n<p><\/p>\n\n\n\n<p><strong>Wo findet das Shooting statt?<\/strong><\/p>\n\n\n\n<p>In der Regel fotografiere ich drau\u00dfen.<\/p>\n\n\n\n<p>Im urbanen Kontext oder in der Natur.<\/p>\n\n\n\n<p>Ein gutes Portrait kann \u00fcberall entstehen, wichtig ist, dass der Ort und die Stimmung zu dir passt.<\/p>\n\n\n\n<p>Gerne aber auch in deinen R\u00e4umlichkeiten, einem Mietstudio oder einer sonstigen Location.<\/p>\n\n\n\n<p class=\"has-body-font-family\">Je nach Location k\u00f6nnen Kosten f\u00fcr die Miete dazu kommen.<\/p>\n<\/div>\n<\/div>\n<\/div>\n<\/div>\n<\/div>\n","protected":false},"excerpt":{"rendered":"<p>FAQ Was bedeutet Grundretusche? Alle gelungenen Bilder werden von mir in nat\u00fcrlichem Bildlook bearbeitet.&nbsp; Ich optmiere, Licht, Farben und Kontrast und mache eine leichte Hautretusche.&nbsp; Das hei\u00dft, um den st\u00f6renden Pickel musst du dir keine Gedanken machen.&nbsp; 10 Jahre j\u00fcnger glatt b\u00fcgeln werde ich dich nicht, das entspricht nicht meiner Philosophie von authentischen Portraits. Du [&hellip;]<\/p>\n","protected":false},"author":1,"featured_media":0,"parent":0,"menu_order":0,"comment_status":"closed","ping_status":"closed","template":"","meta":{"footnotes":""},"class_list":["post-909","page","type-page","status-publish","hentry"],"_links":{"self":[{"href":"https:\/\/www.amritschliesing.de\/index.php?rest_route=\/wp\/v2\/pages\/909","targetHints":{"allow":["GET"]}}],"collection":[{"href":"https:\/\/www.amritschliesing.de\/index.php?rest_route=\/wp\/v2\/pages"}],"about":[{"href":"https:\/\/www.amritschliesing.de\/index.php?rest_route=\/wp\/v2\/types\/page"}],"author":[{"embeddable":true,"href":"https:\/\/www.amritschliesing.de\/index.php?rest_route=\/wp\/v2\/users\/1"}],"replies":[{"embeddable":true,"href":"https:\/\/www.amritschliesing.de\/index.php?rest_route=%2Fwp%2Fv2%2Fcomments&post=909"}],"version-history":[{"count":1,"href":"https:\/\/www.amritschliesing.de\/index.php?rest_route=\/wp\/v2\/pages\/909\/revisions"}],"predecessor-version":[{"id":911,"href":"https:\/\/www.amritschliesing.de\/index.php?rest_route=\/wp\/v2\/pages\/909\/revisions\/911"}],"wp:attachment":[{"href":"https:\/\/www.amritschliesing.de\/index.php?rest_route=%2Fwp%2Fv2%2Fmedia&parent=909"}],"curies":[{"name":"wp","href":"https:\/\/api.w.org\/{rel}","templated":true}]}}

<div class="wp-block-group alignfull has-base-background-color has-background has-global-padding is-layout-constrained wp-container-core-group-is-layout-1 wp-block-group-is-layout-constrained" style="margin-top:0;margin-bottom:0;padding-top:var(--wp--preset--spacing--50);padding-right:var(--wp--preset--spacing--50);padding-bottom:var(--wp--preset--spacing--50);padding-left:var(--wp--preset--spacing--50)">
<div class="wp-block-columns alignwide is-layout-flex wp-container-core-columns-is-layout-2 wp-block-columns-is-layout-flex">
<div class="wp-block-column has-global-padding is-content-justification-left is-layout-constrained wp-container-core-column-is-layout-1 wp-block-column-is-layout-constrained" style="flex-basis:40%">
<p class="has-body-font-family has-large-font-size">FAQ</p>
</div>



<div class="wp-block-column is-layout-flow wp-container-core-column-is-layout-3 wp-block-column-is-layout-flow" style="flex-basis:60%">
<div class="wp-block-columns is-layout-flex wp-container-core-columns-is-layout-1 wp-block-columns-is-layout-flex">
<div class="wp-block-column is-layout-flow wp-block-column-is-layout-flow">
<p class="has-body-font-family"><strong>Was bedeutet Grundretusche?</strong></p>



<p>Alle gelungenen Bilder werden von mir in natürlichem Bildlook bearbeitet.&nbsp;</p>



<p>Ich optmiere, Licht, Farben und Kontrast und mache eine leichte Hautretusche.&nbsp;</p>



<p>Das heißt, um den störenden Pickel musst du dir keine Gedanken machen.&nbsp;</p>



<p>10 Jahre jünger glatt bügeln werde ich dich nicht, das entspricht nicht meiner Philosophie von authentischen Portraits.</p>



<p>Du bekommst die Bilder fertig in meinem Bildkook bearbeitet, eine weitere Bildbearbeitung ist nicht gestattet. Solltest du doch noch andere Bearbeitungswünsche haben, komme gerne auf mich zu.</p>



<p></p>



<p><strong>Was bedeutet einfache kommerzielle Nutzungsrechte?</strong></p>



<p>Das bedeutet, du darfst die Bilder zeitlich unbegrenzt Privat und im Rahmen deines Business (zum Beispiel auf Social Media Plattformen, Webseite, Print Produkten etc.) uneingeschränkt nutzen.</p>



<p>Ich freue mich wenn du meine Webseite oder meinen Instagram-Kanal verlinkst.</p>



<p>Eine Weitergabe an Dritte zu kommerziellen Veröffentlichungszwecken bedarf meiner Zustimmung.</p>



<p>Der Weiterverkauf der Bilder ist ausgeschlossen.</p>



<p></p>



<p><strong>Wo findet das Shooting statt?</strong></p>



<p>In der Regel fotografiere ich draußen.</p>



<p>Im urbanen Kontext oder in der Natur.</p>



<p>Ein gutes Portrait kann überall entstehen, wichtig ist, dass der Ort und die Stimmung zu dir passt.</p>



<p>Gerne aber auch in deinen Räumlichkeiten, einem Mietstudio oder einer sonstigen Location.</p>



<p class="has-body-font-family">Je nach Location können Kosten für die Miete dazu kommen.</p>
</div>
</div>
</div>
</div>
</div>

<p>FAQ Was bedeutet Grundretusche? Alle gelungenen Bilder werden von mir in natürlichem Bildlook bearbeitet.&nbsp; Ich optmiere, Licht, Farben und Kontrast und mache eine leichte Hautretusche.&nbsp; Das heißt, um den störenden Pickel musst du dir keine Gedanken machen.&nbsp; 10 Jahre jünger glatt bügeln werde ich dich nicht, das entspricht nicht meiner Philosophie von authentischen Portraits. Du [&hellip;]</p>
